-3 - ((-1 - -14) + -7)?
40
What is (-10256 - -10156) + (114 - -1)?
15
What is (1 - (-1 + 1)) + 11 + (2243 - 2284)?
-29
Calculate 8 - 107 - (-14 - 4) - (-5 + 6 - 15).
-67
What is (-7 - -9 - -11) + -2 + (75 - 32) + -146?
-92
Evaluate -31 + (24 - ((-31 - -42) + -98)).
80
Calculate -22 + 9 + -24 + (15 - 11) + 6.
-27
Evaluate -49 - (-68 + 11 + 37).
-29
Evaluate 208 - 232 - (-21 + -3) - (46 + 0).
-46
Calculate -3660 + 3659 + 5 + -83 + 1 + 1.
-77
Evaluate (-69 - -45) + (5 - ((14 - 39) + 13)).
-7
What is 4 + -25 - (3 - -6 - (-27 - -42))?
-15
-59 - (219 - 202 - (-5 + (18 - 2) + 1))
-64
-87 + 83 - (-21 - -33)
-16
Evaluate -580 + 584 + 2 + (-7 - -2) + (28 - -2).
31
Evaluate 2 - 46 - -35 - (2 + -3 + 106 + 3).
-117
What is -2 - -8 - (-12 + 7 + 3)?
8
What is the value of (17 - -21 - 30) + 100 + 12 + -3?
117
Calculate -1 + (-4 - -28 - 23) - -10.
10
Calculate (-147 - 3) + 239 + -171.
-82
What is the value of -251 + 202 + (0 + (0 - 4) - (-12 - -8))?
-49
-2 + -7 + 4 + -367 + 386
14
Calculate 68 + -9 + 33 - 51.
41
Evaluate 57 + -11 + -108 + 86.
24
What is the value of -29 - ((-10 - -1) + 11 + (4 - 4) + -12)?
-19
Calculate 23 + 23 + -21 - (-1 + 1 + -13).
38
(-128 - (-29 - 17)) + 84 - (-18 + 0 + -1)
21
Evaluate (588 - 557 - (-1 + 1 + -11)) + -4.
38
Evaluate -36 - (-17 - -46 - 41).
-24
Calculate (-16 - -16) + (5 - (-4 + -1)) + 10.
20
(0 + 8 - (14 + (12 - 25))) + (2 - 6)
3
What is 15 + 11 + (-27 + 8 + 77 - (-1 - 2))?
87
Calculate 17 + 5 - (-4 + -32 + 38).
20
What is the value of -2 - (-3 + -61 - -4)?
58
Evaluate -48 + (29 - (45 + -62)).
-2
What is the value of -18 + 3 - (-65 + 19 + 22)?
9
16 - (33 - (30 - 3))
10
What is 52 - (-158 - -130 - -229)?
-149
What is 9 + 11 + (580 - 634)?
-34
What is 0 - (-1 + -25 + -14)?
40
What is (-3 - (-3 - -2)) + -8 - (-88 + 91)?
-13
What is the value of (4 - -9 - -6) + -8 - (-54 - -56)?
9
Evaluate 12 + 8 + -13 + 6 + -9 - -8.
12
Calculate -4 - -20 - (1882 + -1803).
-63
Calculate -42 + 21 + -16 + (18 - 20).
-39
-40 + (-30 + 9 + 48 - -7)
-6
-130 - -101 - -111 - 147
-65
Evaluate (41 - (34 + -17 + 15)) + 61 + -2 + 1.
69
23 - (-15 + (-11 - 8) - -21)
36
What is (-140 - (2 + 3)) + (31 - (66 + -58))?
-122
What is 6529 + -6502 - (2 - -11 - -4)?
10
What is 51 - (-110 - (-185 - -6))?
-18
What is 5 - (10 - (1 + 5)) - (-51 + 61)?
-9
What is the value of 15 - (-7 - (-5 - -6 - (-92 - -83)))?
32
(-32 - -43 - 56) + 28 + 106 + 1
90
Evaluate -10 - -64 - (7 + (-26 - -16) - -24).
33
What is -857 - -987 - (-2 + 46)?
86
What is the value of 36 - 53 - ((2 - -9) + -2 - -10 - 9)?
-27
Evaluate -41 - (-123 + 55) - 114.
-87
9 - (-4 + 12 + (-13 - -3) + 6) - 149
-144
Calculate 0 + (-1 - 3) + -18 + -152 + 156 + -4.
-22
Calculate 53 - (0 - 9 - (27 - 24 - 25)) - 11.
29
Calculate (-29 - (35 - 31)) + 8.
-25
Calculate 45 + -9 + 54 + -60.
30
Calculate (-2 - -10) + (-70 - (-9 - -9 - 8) - -9).
-45
Evaluate -3 + 2 + -3 + 49 + (-470 - -470).
45
Evaluate 149 + (28 + -44 - -16) + -16.
133
Evaluate (4 + -7 + 9 - 1) + 3 + -8 + -90.
-90
Calculate 31 + -34 + -3 + -36.
-42
21 - ((24 - -56) + -56 - (-1 + -17))
-21
Calculate -7 + -3 + (-12 - (-7 + -30)).
15
What is -1 - (-1 + -14 + (1258 - 1224))?
-20
Calculate 19 - ((4 - -1) + -31 + 24 + -11 + -3).
35
Evaluate 80 - (41 + -9 - -2).
46
Calculate 0 - 4 - (-13 + (-29 - -39) + -4).
3
Calculate 12 + -19 + 9 - (89 - (-15 + 10 + -1)).
-93
Evaluate -30 - (-4 + 2 + (5 - 18) + 20) - 3.
-38
Calculate 31 - ((79 + -26 - -30) + 5).
-57
Calculate (-8 - -1) + (2 - (-30 + 26)) - 27.
-28
Evaluate 80 + 67 - (25 - -28).
94
What is the value of -39 + (13 + -3 - (17 + (14 - 10 - -3)))?
-53
(-558 - -504) + (23 - (4 - 6))
-29
Calculate (8 - 37) + -7 - (-7 + 6 - -9).
-44
Calculate -24 + (168 - 102) + -30 + 3.
15
-11 - (30 + -69 + (1 - -9))
18
(-2648 - -2621) + 6 + (0 + 2 - 1)
-20
-156 - (-97 - (29 - 36))
-66
3 - (127 + (33 - 95) - (-19 - 1))
-82
Evaluate -29 + (-263 + 226 - (-14 + 5)).
-57
Evaluate 3 + -5 + (1 - -78) - (206 + -223).
94
Calculate -2 + 43 + -490 + 437.
-12
What is the value of -22 - (-36 + 26 - (5 + -16 + 10))?
-13
Calculate (3 - (4 + 6)) + (68 - 49) + -78.
-66
What is the value of 0 + -72 + -56 - -58?
-70
20 + -5 - -5 - 4 - (15 - 10)
11
What is (-7 - 2) + 1 - (-43 - 46 - -107)?
-26
87 - (131 + 78 + -75)
-47
Evaluate (-4 - -4) + 10 + (-501 - -501) - (-2 - -9).
3
-5 - -61 - (80 + -66)
42
What is the value of -20 + (3 - (-2 + -7)) + 1 + -39?
-46
Calculate (4 - (14 - -14)) + -6 + 78.
48
Calculate -16 + 9 - 24 - -30.
-1
Calculate -5 + 34 - (10 + 4 - (8 + -2)).
21
(28 - (21 - 10) - (35 + -23)) + 0
5
What is the value of 8 + -17 + -11 + 8 + 16 + -8 - -62?
58
What is the value of -68 + (-44 - 2) - (-18 + 7)?
-103
Evaluate (14 - -3) + -4 + (1 - (7 + -6)).
13
What is the value of 9 + -28 + (59 + -22 - 28)?
-10
93 - (-69 + -23 + 63 + 6)
116
What is -685 - -691 - (-4 + 25 + 4)?
-19
Calculate (-18 - (-1 - 42)) + -51.
-26
What is the value of 37 - (4 - (-35 - -13)) - -59?
70
What is the value of 51 - ((-38 - -63) + -17)?
43
-16 - (13 + 26 + (-6 - 1))
-48
Evaluate -15 - (5 + 13 + 9 - 18).
-24
What is -61 + (105 - 76) + -65?
-97
What is -48 + 2 + 3 + 6 + (-30 - -18) + -5?
-54
-38 - (23 + -16 + 13) - 5
-63
Evaluate 8 + (-7 - (-7 + 43)).
-35
Evaluate (-13 - -9) + 20 + -20 + 7 - -33.
36
Calculate 21 + (12 - (24 + -29)) - 16.
22
-38 - (8 - 5) - (6 + -8 - (0 + 1))
-38
Evaluate (4687 - 4698) + (15 - 0).
4
Evaluate -49 + -65 + (-82 - -124).
-72
What is the value of -2526 + 2527 - (1 + 32 - (-2 - 1))?
-35
-2 - -42 - (401 - 397)
36
Evaluate (-214 - -136) + (40 - -1).
-37
Calculate 63 + 117 - (136 - 58).
102
((0 - 20) + (-2 - -12) - (-84 + -5)) + -13
66
Calculate -11 - (2 + -1 - ((29 - 11 - 32) + 78)).
52
Evaluate -53 - (-152 + 154 - (1 + 26)).
-28
Evaluate -1422 + 1451 - (-2 + -11).
42
Evaluate -1 + -19 + (-4 - (-6 - -148)) + 44.
-122
What is (-36 - (-2 - 36)) + (23 - -73)?
98
What is 7 - -29 - 38 - 46?
-48
What is -41 + 539 + -405 + 2 + -28?
67
What is the value of (21 + 11 - 14 - 22) + -2 - -23?
17
131 + -130 + (-14 - 3) + 11 + -51
-56
(68 - 3) + -51 + (-4 - -62)
72
Evaluate 7 - (11 - 34) - (0 + -2 + -5).
37
1 + (-51 - 1) + -1 + (1927 - 1926)
-51
What is the value of 25 + (6 - (11 - ((11 - -1) + -230 + 217)))?
19
What is 0 + -4 - (-104 + 96 + (0 - -40))?
-36
What is the value of 4 + (-144 - (-187 + 67))?
-20
Evaluate 17 + 2 + -2 + -9 + (-2 - -18).
24
What is -28 + (15 - 17) + 35 + -19?
-14
Calculate -3 + (10 - (-10 + (4 - -2 - -15) + 10)).
-14
Evaluate -33 + -1 + -1 + (-7 + 5 + -15 - -14).
-38
What is 37 + (-13 + 12 + -39 - -21)?
18
(25 - 6) + (-5 - 5) + -1 + 1
9
Calculate 163 + -94 + -23 + (4 - (8 + -12)).
54
-35 - (47 + (-45 - 31))
-6
Calculate -58 + (-5 - ((3 - 1) + (-14 - -3 - 0))).
-54
Evaluate -3 + (-226 - -202 - (-51 + -3 + 7)).
20
Evaluate 72 - 59 - -33 - 131.
-85
(268 - 239) + (23 - 0)
52
What is 23 + -24 + -15 + 41 - -150 - 22?
153
What is -97 - 2 - (-1971 - -1912)?
-40
What is the value of 11 + (14 - (1 - (-31 - -19)))?
12
What is -37 + 1 + 582 + -563 + -8 - -70?
45
6 + 43 + -6 - (91 - 78)
30
Evaluate -248 + 222 - (2 + -93) - (9 - -1) - 11.
44
(11 - -8) + (-33 - -110) + -31
65
What is (49 - -12 - 67) + (9 - (3 + 3 + -6))?
3
Calculate 64 + -1 - (9 + 25 + (13 - 39) + 6).
49
Calculate (-1018 - -1016) + (-1 - -40).
37
136 - 82 - -18 - 62
10
-223 + 127 - 56 - -86
-66
What is (-79 - (-88 + 36)) + 1 + 7?
-19
Evaluate (-15 - ((-6 - 1) + (-70 - -70))) + (13 - 0).
5
Evaluate (1853 - 1836) + (93 - (5 + -4)).
109
What is the value of (-8910 - -8762) + (156 - 1)?
7
Calculate 0 - ((-2 - -4) + (-389 - -414)).
-27
47 + 111 + (-101 - 8)
49
Evaluate (-1093 - -1177) + (-61 - -1).
24
What is the value of 47 + -29 + 4 + 16 - 14?
24
-27 + 0 + -1 + (4332 - 4268)
36
What is (-16 + 47 - 18 - 4) + 30?
39
What is 28 + 21 + 79 + -71?
57
What is 376 - 413 - (-1 - (18 - -5))?
-13
Calculate 5 - (-2 - -3) - -4 - (-411 - -368).
51
Calculate -32 - -58 - 44 - 10.
-28
Calculate -61 - (2 + -5 + 1) - (144 + 110 + -250).
-63
Evaluate 36 + -1 + -1 - (-50864 + 50963).
-65
Calculate (0 - (3 - 4)) + -2297 + 2375.
79
What is the value of 0 + -11 + (13 - (17 + -9)) + -14?
-20
What is 44 - -2 - 3 - (110 - 109)?
42
6517 + -6553 + (-9 + -1 - (-4 - -1 - -5))
-48
Calculate -88 + 69 + 26 + (4 + -1 - 59) + -1.
-50
What is the value of 11 - -4 - (41 + 134 + -9 + 5 + -10)?
-146
What is the value of 1 + -